48*a**2 + 122*a - 157. What is the hundreds digit of q(50)?
9
Let i(q) = -16*q - 5. Suppose -z = -3*z + 8. Let o be (-24)/z*(-3)/(-6). What is the tens digit of i(o)?
4
Let m = 493 + 206. What is the tens digit of m?
9
Suppose -w = -5*o + 18684, 0 = 10*w - 5*w - 5. What is the thousands digit of o?
3
What is the thousands digit of -5*(-125128)/160 - (-3)/(-12)?
3
Let f(x) = x**3 - 6*x**2 - 11*x + 7. Let u be f(7). What is the tens digit of (-6)/u - (-1701)/49?
3
Let l(q) = 20*q**2 - 42*q - 1. What is the units digit of l(-12)?
3
Suppose -63*i + 4 = -62*i. What is the units digit of i*((-18)/45)/((-8)/210)?
2
Let x be 7*(-3 + (-92)/(-28)) - 2. Let o(a) = 25*a - 5. Let d be o(4). Suppose s + 4*s - d = x. What is the tens digit of s?
1
Let q(h) = 5*h**2 + h + 2. Let w be q(-5). Suppose 0 = -4*v - 5 + 25. Suppose l - 6*l - 3*r = -w, 2*l + v*r - 45 = 0. What is the tens digit of l?
2
Suppose -2912 = 21*y - 23*y. What is the units digit of y?
6
Let o be 10/4*(-12)/(-15). Suppose o*q + 32 + 14 = 0. Let d = -16 - q. What is the units digit of d?
7
Let d be 0/1*((-25)/(-5) - 4). Suppose 8*v - 3*v - 90 = d. What is the tens digit of v?
1
Suppose 4*b - 13*g - 6091 = -10*g, 0 = -3*g - 3. What is the hundreds digit of b?
5
Let o be (-2)/(-4)*(3 - 1)*-2. Let v(n) = -17*n**3 + n**2 + 5*n - 1. What is the tens digit of v(o)?
2
Let f(q) = q - 7. Let o(a) = a**3 + 17*a**2 - 19*a. Let d be o(-18). Let z be f(d). What is the tens digit of (-4)/22 - (-266)/z?
2
Let z(y) = y**2 - 8*y - 7. Let t be z(9). Let l(f) = 3*f - 2. Let n be l(2). Suppose -t*g + n*g = 44. What is the tens digit of g?
2
Suppose 0 = 4*l - z + 8 - 0, -6 = 3*l - 4*z. What is the hundreds digit of (-80)/200*(-306 + l/(-2))?
1
Let d(m) = -m**2 + 33*m - 5. What is the units digit of d(31)?
7
Let n(m) = 405*m**2 - 9*m + 22. What is the thousands digit of n(2)?
1
Suppose -w - 16 = 9. Let n be (30/w)/((-4)/10). Suppose -n*b + 5*a = -32, -3*a = b - 3*b + 21. What is the units digit of b?
9
Let y(c) = -143*c**3 + c**2 - 3. What is the thousands digit of y(-2)?
1
Suppose 4*w - 3*y = 3*w - 19, -4*w = y + 11. Let b(k) = 7*k**2 - 14*k - 3. What is the units digit of b(w)?
5
Let r be 1 - (-9 + -42 + (-4)/1). Let d = -72 + 50. Let c = r + d. What is the units digit of c?
4
Let y be 1*5*(-2 + 3). Suppose j + 3*j - y*l = 19, 3*l = -2*j - 7. What is the units digit of (3 - j - 3)*-2?
2
Let m(i) = 18 + 7*i + 4*i - 2*i + 6*i - i**2. Let t be m(15). Let w = t - -7. What is the tens digit of w?
2
Let t(p) = p**2 - 2*p + 1. Suppose -j = 3*j. Let h be t(j). What is the tens digit of ((-230)/30)/(h/(-3))?
2
What is the tens digit of (-237216)/(-240) - ((-6)/(-5))/(-2)?
8
Let s(x) = -x**3 - 46*x**2 - 3*x + 78. What is the hundreds digit of s(-46)?
2
Let g = 25 + -24. Suppose 0 = d + g, 3*d - 184 = 3*a - 2*d. Let j = -11 - a. What is the tens digit of j?
5
Let n = -142 + 88. What is the units digit of (-5166)/n - 2/(-6)?
6
Let x be 236/6 + 10/15 - -1. Let l = x + -35. What is the units digit of l?
6
Let r = 1778 - 926. Let i = r + -602. What is the tens digit of i?
5
Suppose 3*w + 2*k - 6 = 4*w, -w = -4*k + 8. Let r(b) = -26*b - 6. What is the tens digit of r(w)?
9
Suppose 0 = -5*r + 2*u - 10, -6*u + u + 25 = 4*r. Let g = r + 62. What is the units digit of g?
2
Suppose -26 = -s + 3*k, -s + 11 + 19 = -5*k. Let b = 25 - s. What is the units digit of b?
5
Let m be 18*(2/(-9) + (-66)/(-54)). Let s = -3 - -5. Suppose -4*q + m = s. What is the units digit of q?
4
Suppose -2101 = -14*y + 2015. What is the tens digit of y?
9
Let l(y) = -y + 4. Let v(h) = 2*h - 8. Let z(i) = -9*l(i) - 4*v(i). Let f be z(4). What is the tens digit of f - -1 - (3 - 25)?
2
Suppose 0 = -5*v + 4*z + 2749, -5*z + 6*z = 4. What is the hundreds digit of v?
5
Suppose -4*j + 5*t - 2*t = -964, 5*j = 2*t + 1198. Suppose -5*h = -4*u + j, -h = -2*u - 0*h + 116. Let p = u + -33. What is the units digit of p?
4
Suppose b + 4*b - 2137 = 3*d, 0 = -4*b - 3*d + 1688. Suppose -q = 2*q - 4*t - b, 0 = 3*q + 3*t - 411. What is the units digit of q/3 - 12/(-18)?
7
Let g = -588 + 627. What is the units digit of g?
9
Let l be (-2 - 6/(-2))/((-1)/(-13)). Let v(u) = 2*u**2 - 19*u + 23. What is the units digit of v(l)?
4
Let x be (-384)/(-40)*3/((-6)/(-20)). Suppose -80 = -x*q + 94*q. What is the units digit of q?
0
Suppose -4*u + 3*u + 67 = 0. Let x = u + -37. Suppose f = -f - 4*s + x, s + 20 = 2*f. What is the units digit of f?
1
Let m(a) = a**2 - 7*a + 13. Let t be m(5). Suppose -3*p = t*p - 684. What is the tens digit of p?
1
Let u(y) = 111*y + 102. What is the tens digit of u(3)?
3
Let c = 983 - 628. Let o = c - 194. What is the units digit of o?
1
Let d be (-530)/(-2) - ((0 - -4) + -3). Suppose -d = -0*h - 2*h. What is the units digit of h?
2
Let t(s) = 49*s - 2. Let d(u) = -2*u + 13. Let k be d(6). What is the units digit of t(k)?
7
Let u(i) be the third derivative of i**5/60 + i**4/3 + 2*i**3/3 - i**2. Let b be u(6). Suppose 5*n - 7 - b = 0. What is the units digit of n?
9
Let m = -598 + 594. Suppose 5*b = -10 + 45. Let f = b + m. What is the units digit of f?
3
Let q(y) = -y**2 - 17*y + 4. Let b be q(-17). Suppose b*c - 111 = -15. What is the tens digit of c?
2
Suppose -3 = -y, -2*f = -2*y - 1 + 7. Let r be (72 - -1 - 2) + f. Suppose r + 13 = 4*l. What is the units digit of l?
1
Let r(i) = 8*i**2 + 2 - 9*i + 3 - 1 + i**3. Let z be r(-9). What is the tens digit of 30 + (z + 0 - 1)?
3
Let t be (-1)/(-4) - 8025/(-12). Suppose -5*c + t = -31. What is the tens digit of c?
4
Suppose 0 = -3*p - 2*i + 798, -p + 209 + 52 = -i. Suppose k + 2*k - p = 0. What is the tens digit of k?
8
Let o be 10/2*(18/10)/3. What is the tens digit of (-2)/(o/(-6)*4/26)?
2
Let f(n) = n**2 - 9*n + 4. Let l be f(8). Let s be 5/(5/157) + l. Suppose 4*u + 37 = s. What is the tens digit of u?
2
Let m = -5 + 6. Let l(y) = 26*y**3 + 3*y**2 - 1. What is the tens digit of l(m)?
2
Let f = -168 - -391. What is the tens digit of f?
2
Let p(f) = f**2 + f + 2. Let z be p(-2). Let o be (-2107)/(-28) + (-1)/z. Suppose -14*d - o = -19*d. What is the units digit of d?
5
Suppose -13 = q + 4*x, -3*q + 8 = 2*x - 3. Suppose -5*o + 315 = 5*b, -b - q + 4 = 0. What is the tens digit of o?
6
Let a = 40 + -28. What is the tens digit of ((-269)/3)/(a/(-36))?
6
Let f be (10 + -16)*1*-6. Let y = 62 - f. What is the tens digit of y?
2
Suppose -5*g - 5 + 36 = 2*v, 2*v + 4*g = 26. Suppose 0*h = v*h + 153. What is the units digit of h/(-9) + (-3)/(-9)?
6
Let s(v) = v - 6. Let f be s(8). Let d(l) = -7 + 0*l**2 - f + l**2 + 7*l. What is the units digit of d(-9)?
9
Suppose 574 = -8*j - 218. Let h = -57 - j. What is the tens digit of h?
4
Let i = -10 + 14. Suppose -i*o + 4*j = -204, -5*o + 259 = -5*j + j. What is the units digit of o?
5
Let a = -6 - -6. Suppose k + 4*j - 2*j - 25 = a, -3*k - 4*j = -77. Suppose -17 = -2*r + k. What is the tens digit of r?
2
Let y(u) be the third derivative of u**7/840 - u**6/120 + u**4/8 + u**3 - u**2. Let l(q) be the first derivative of y(q). What is the units digit of l(3)?
3
Suppose 2010 = 3*w + q, -5*w = 5*q - 558 - 2782. What is the units digit of w?
1
Suppose 4*z + 28 = -4*o - o, 0 = -5*z - 2*o - 18. What is the units digit of z + (-54)/(-3 - -2)?
2
Suppose 3*r - 15 = 0, 5*u + 4*r = -5209 + 14394. What is the hundreds digit of u?
8
What is the hundreds digit of (-2913)/(-2)*(-9 + (-232)/(-24))?
9
Let y = 9 - 4. Suppose -y*c + 10 = 2*h, -6*c = h - 3*c - 3. What is the units digit of h?
5
Suppose -v - 4*z = -15 + 1, -2*z = 6. Suppose v*m - 21*m = 280. What is the units digit of m?
6
Let i be (-8)/6 + 1/3. Let h = 8 + i. What is the units digit of h?
7
Let p(r) = -r**3 + 3*r**2 - r. Suppose -5*y + 8 = -y. Let z be p(y). Suppose 5*v - 72 = -z*g, 3*v + g - 26 = 17. What is the units digit of v?
4
Suppose 4*o - 2*c - 754 - 1544 = 0, 4*c = -5*o + 2866. Suppose z + 695 = 5*a - 18, 4*a - o = -z. What is the tens digit of a?
4
Suppose v = -v - 2*d + 2078, -2*v + 3*d + 2068 = 0. What is the hundreds digit of v?
0
Let r be -1*23 - (-7 - -3). Let z = r + -71. Let o = -50 - z. What is the units digit of o?
0
Let c(p) = 6*p + 27. Let w be c(4). Let k = w + -27. What is the tens digit of k?
2
Let w = 1553 + -885. What is the hundreds digit of w?
6
Let k(d) = d**2 - 15*d - 12. Let n = 44 + -31. Let h be k(